{"id":694,"date":"2023-01-09T16:35:52","date_gmt":"2023-01-09T16:35:52","guid":{"rendered":"http:\/\/robindesmoulins.fr\/?page_id=694"},"modified":"2025-10-02T09:22:25","modified_gmt":"2025-10-02T09:22:25","slug":"faq","status":"publish","type":"page","link":"https:\/\/robindesmoulins.fr\/index.php\/faq\/","title":{"rendered":"FAQ"},"content":{"rendered":"\n<p>Vous trouverez ici les r\u00e9ponses \u00e0 toutes les questions que vous vous posez pour organiser un s\u00e9minaire, une journ\u00e9e de travail ou une r\u00e9union chez Robin des moulins.<\/p>\n\n\n\n<p><\/p>\n\n\n\n<div class=\"wp-block-group alignwide\"><div class=\"wp-block-group__inner-container is-layout-constrained wp-block-group-is-layout-constrained\">\n<h4 class=\"wp-block-heading alignwide\"><strong>Comment puis-je me rendre au moulin ? Est-ce que \u00e7a vaut le coup de venir pour une seule journ\u00e9e ? <\/strong><\/h4>\n\n\n\n<p>Oui! C&rsquo;est tr\u00e8s facile de se rendre au moulin depuis Paris soit en train direct depuis Gare du Nord (45 min dans un TER confortable pour vous pourrez travailler) ou en voiture (comptez 45 minutes depuis Porte de Clichy ou de Clignancourt). Il y a un parking priv\u00e9 pour vous garer devant le moulin ainsi que des parkings publics autour du site.<\/p>\n\n\n\n<p>Le moulin est \u00e0 moins d&rsquo;une heure de Paris en train, et accessible sans voiture.<\/p>\n\n\n\n<p>C&rsquo;est un trajet qui se fait facilement au quotidien gr\u00e2ce \u00e0 la ligne <a href=\"https:\/\/www.ter.sncf.com\/hauts-de-france\/trajet-paris-beauvais\" target=\"_blank\" rel=\"noreferrer noopener\">TER Paris-Beauvais<\/a> : beaucoup d&rsquo;habitants du village et des alentours travaillent \u00e0 Paris.<\/p>\n<\/div><\/div>\n\n\n\n<div class=\"wp-block-group alignwide\"><div class=\"wp-block-group__inner-container is-layout-constrained wp-block-group-is-layout-constrained\">\n<h4 class=\"wp-block-heading alignwide\">Est-ce que je peux organiser un s\u00e9minaire d\u2019entreprise au moulin ?<\/h4>\n\n\n\n<p>Bien \u00e9videmment ! <a href=\"https:\/\/robindesmoulins.fr\/index.php\/nos-espaces\/\" title=\"Nos espaces\">Nos espaces<\/a> ont \u00e9t\u00e9 pens\u00e9s pour accueillir r\u00e9unions et formations sur un ou plusieurs jours. Vous pouvez compl\u00e9ter le <a href=\"https:\/\/robindesmoulins.fr\/index.php\/demander-un-devis\/\">formulaire de demande de devis<\/a> ou nous contacter afin de nous parler de votre projet plus en d\u00e9tail. Nous nous ferons un plaisir d\u2019en discuter avec vous !<\/p>\n<\/div><\/div>\n\n\n\n<div class=\"wp-block-group alignwide\"><div class=\"wp-block-group__inner-container is-layout-constrained wp-block-group-is-layout-constrained\">\n<h4 class=\"wp-block-heading alignwide\">De quelles informations ai-je besoin pour organiser mon s\u00e9minaire au moulin ?<\/h4>\n\n\n\n<p>Pour nous aider \u00e0 organiser au mieux votre \u00e9v\u00e8nement, vous pouvez nous communiquer les \u00e9l\u00e9ments suivants : <\/p>\n\n\n\n<ul class=\"wp-block-list\">\n<li>le type d&rsquo;\u00e9v\u00e9nement (s\u00e9minaire de direction, formation, journ\u00e9e de travail, r\u00e9union avec des clients, atelier\u2026)<\/li>\n\n\n\n<li>le nombre de participants<\/li>\n\n\n\n<li>le contact de l\u2019organisateur de l\u2019\u00e9v\u00e8nement<\/li>\n\n\n\n<li>la date et la dur\u00e9e de l\u2019\u00e9v\u00e8nement (demi-journ\u00e9e, journ\u00e9e, deux ou plusieurs jours)<\/li>\n\n\n\n<li>l&rsquo;enveloppe budg\u00e9taire dont vous disposez<\/li>\n\n\n\n<li>et toute autre information qui nous permettra de mieux saisir vos envies et vos objectifs <\/li>\n<\/ul>\n\n\n\n<p>Vous pouvez \u00e9changer avec Aur\u00e9lie \u00e0 <a href=\"mailto:aurelie@robindesmoulins.fr\">aurelie@robindesmoulins.fr<\/a> pour d\u00e9finir davantage votre programme et adapter notre offre \u00e0 vos besoins. <\/p>\n<\/div><\/div>\n\n\n\n<div class=\"wp-block-group alignwide\"><div class=\"wp-block-group__inner-container is-layout-constrained wp-block-group-is-layout-constrained\">\n<h4 class=\"wp-block-heading alignwide\">Pourquoi organiser mon s\u00e9minaire avec Robin des moulins ?<\/h4>\n\n\n\n<p>Louer un espace de r\u00e9union aupr\u00e8s de Robin des moulins, c\u2019est la promesse de vivre un moment fort avec vos \u00e9quipes, vos collaborateurs ou vos clients tout en soutenant un&nbsp;<strong>projet d\u2019\u00e9conomie sociale et solidaire engag\u00e9 sur son territoire<\/strong>.<\/p>\n\n\n\n<p>En r\u00e9servant au moulin, vous faites plus que louer une salle de r\u00e9union : vous vous inscrivez dans une d\u00e9marche durable et solidaire qui fait vivre tout un \u00e9cosyst\u00e8me de producteurs et d\u2019acteurs locaux et contribue \u00e0 restaurer un monument du&nbsp;<strong>patrimoine industriel rural<\/strong>&nbsp;datant de plus de deux si\u00e8cles.<\/p>\n<\/div><\/div>\n\n\n\n<div class=\"wp-block-group alignwide\"><div class=\"wp-block-group__inner-container is-layout-constrained wp-block-group-is-layout-constrained\">\n<h4 class=\"wp-block-heading alignwide\">Est-il possible de venir travailler au moulin ?<\/h4>\n\n\n\n<p>Nous organisons des journ\u00e9es de coworking au moulin, vous pouvez jeter un \u0153il \u00e0 notre <a href=\"https:\/\/robindesmoulins.fr\/evenements\/\" target=\"_blank\" rel=\"noreferrer noopener\">agenda<\/a>, vous \u00eates bienvenu.e \u00e0 la prochaine session ! <\/p>\n<\/div><\/div>\n\n\n\n<div class=\"wp-block-group alignwide\"><div class=\"wp-block-group__inner-container is-layout-constrained wp-block-group-is-layout-constrained\">\n<h4 class=\"wp-block-heading alignwide\">Je souhaite m\u2019inscrire \u00e0 un atelier, c\u2019est possible ?<\/h4>\n\n\n\n<p>Bien s\u00fbr ! Vous pouvez vous inscrire en cliquant sur le lien de r\u00e9servation dans la <a href=\"https:\/\/robindesmoulins.fr\/evenements\/\" target=\"_blank\" rel=\"noreferrer noopener\">description de l&rsquo;\u00e9v\u00e9nement<\/a>.&nbsp;<\/p>\n\n\n\n<p>Vous pouvez trouver tous nos \u00e9v\u00e8nements dans <a href=\"https:\/\/robindesmoulins.fr\/evenements\/\">l\u2019agenda<\/a>.<\/p>\n<\/div><\/div>\n\n\n\n<div class=\"wp-block-group alignwide\"><div class=\"wp-block-group__inner-container is-layout-constrained wp-block-group-is-layout-constrained\">\n<h4 class=\"wp-block-heading alignwide\">Est-ce que je peux visiter le moulin ?<\/h4>\n\n\n\n<p>Nous organisons r\u00e9guli\u00e8rement des visites sur inscription. Vous pouvez vous y inscrire sur notre <a href=\"https:\/\/robindesmoulins.fr\/evenements\/\" title=\"agenda\">agenda<\/a>. <\/p>\n\n\n\n<p>Pour toute demande particuli\u00e8re, vous pouvez \u00e9galement contacter Aur\u00e9lie \u00e0 <a href=\"mailto:aurelie@robindesmoulins.fr\">aurelie<\/a>@robindesmoulins.fr<\/p>\n<\/div><\/div>\n\n\n\n<div class=\"wp-block-group alignwide\"><div class=\"wp-block-group__inner-container is-layout-constrained wp-block-group-is-layout-constrained\">\n<h4 class=\"wp-block-heading alignwide\">Peut-on dormir sur place ? De combien de chambres dispose le moulin ?<\/h4>\n\n\n\n<p>Oui, vous pouvez passer une ou plusieurs journ\u00e9es au moulin et dormir sur place.<\/p>\n\n\n\n<p>Le moulin dispose de 5 chambres, avec une majorit\u00e9 de lits simples :<\/p>\n\n\n\n<ul class=\"wp-block-list\">\n<li>La chambre du Laboratoire, une tr\u00e8s grande chambre avec 5 lits simples<\/li>\n\n\n\n<li>La chambre rouge, une grande chambre de 4 lits simples<\/li>\n\n\n\n<li>La chambre bleue, une chambre avec 2 lits simples<\/li>\n\n\n\n<li>La chambre du meunier, une chambre avec 1 lit double<\/li>\n\n\n\n<li>La chambre du Perchoir, une chambre avec 1 lit simple<\/li>\n<\/ul>\n\n\n\n<p>A noter : des couchages d\u2019appoint sont \u00e9galement disponibles (par exemple pour les organisateurs dans le cas d\u2019une retraite)<\/p>\n\n\n\n<p>Si vous souhaitez des chambres individuelles, nous vous conseillons l\u2019h\u00f4tel de la Tabletterie dans une ancienne usine de nacre \u00e0 M\u00e9ru, situ\u00e9 \u00e0 7 minutes en voiture.<\/p>\n\n\n\n<p>Si vous \u00eates plus nombreux, il est possible de r\u00e9server des h\u00e9bergements suppl\u00e9mentaires dans le village, \u00e0 moins de 5 minutes \u00e0 pied.<\/p>\n<\/div><\/div>\n\n\n\n<div class=\"wp-block-group alignwide\"><div class=\"wp-block-group__inner-container is-layout-constrained wp-block-group-is-layout-constrained\">\n<h4 class=\"wp-block-heading alignwide\">Quelles activit\u00e9s peut-on pratiquer au moulin ? <\/h4>\n\n\n\n<p>Il y a le choix ! Du sport (p\u00e9tanque, badminton, sports collectifs, basket, football, handball, course \u00e0 pied, marche \u00e0 pied, &#8230;), des activit\u00e9s en lien avec la nature (balade en for\u00eat, cueillette, jardinage, &#8230;) ou encore des ateliers de sensibilisation aux enjeux climatiques comme <a href=\"https:\/\/fresqueduclimat.org\/\" target=\"_blank\" rel=\"noreferrer noopener\">La Fresque du climat<\/a> ou <a href=\"https:\/\/www.2tonnes.org\/\" target=\"_blank\" rel=\"noreferrer noopener\" title=\"\">2tonnes<\/a>. <\/p>\n\n\n\n<p>Pour vos team-buildings, nous disposons d&rsquo;un r\u00e9seau de partenaires pour des animations sur-mesure : cuisine v\u00e9g\u00e9tale, initiation \u00e0 la sophrologie, atelier cr\u00e9atif \u00e0 base d&rsquo;upcycling ou encore visite d&rsquo;exploitation agricole, dites-nous ce qui inspireraient vos \u00e9quipes ! <\/p>\n<\/div><\/div>\n\n\n\n<p><\/p>\n\n\n\n<div class=\"wp-block-group\"><div class=\"wp-block-group__inner-container is-layout-constrained wp-block-group-is-layout-constrained\">\n<div class=\"wp-block-group alignwide\"><div class=\"wp-block-group__inner-container is-layout-constrained wp-block-group-is-layout-constrained\">\n<h4 class=\"wp-block-heading alignwide\">Quel est le statut de Robin des moulins ? <\/h4>\n\n\n\n<p>Robin des moulins est une entreprise de l&rsquo;<a href=\"https:\/\/www.ess-france.org\/\" target=\"_blank\" rel=\"noreferrer noopener\">ESS<\/a> (\u00e9conomie sociale et solidaire). Reconnue par la&nbsp;Loi&nbsp;du 31 juillet&nbsp;2014, l&rsquo;\u00c9conomie sociale et solidaire regroupe un ensemble de structures qui cherchent \u00e0 concilier utilit\u00e9 sociale, performance \u00e9conomique et gouvernance d\u00e9mocratique, avec pour ambition de cr\u00e9er des emplois et de d\u00e9velopper une plus grande coh\u00e9sion sociale.<\/p>\n<\/div><\/div>\n<\/div><\/div>\n\n\n\n<div class=\"wp-block-group\"><div class=\"wp-block-group__inner-container is-layout-constrained wp-block-group-is-layout-constrained\">\n<div class=\"wp-block-group alignwide\"><div class=\"wp-block-group__inner-container is-layout-constrained wp-block-group-is-layout-constrained\">\n<h4 class=\"wp-block-heading alignwide\">Peut-on louer le moulin pour des \u00e9v\u00e8nements priv\u00e9s ? <\/h4>\n\n\n\n<p>Le moulin est un espace d\u00e9di\u00e9 aux \u00e9v\u00e8nements professionnels, aux stages et aux retraites : sauf exception, il n&rsquo;a pas vocation \u00e0 accueillir des \u00e9v\u00e8nements priv\u00e9s comme des mariages ou des anniversaires. Il y a beaucoup de beaux endroits \u00e0 proximit\u00e9 qui le feront bien mieux que nous !<\/p>\n<\/div><\/div>\n\n\n\n<p><\/p>\n<\/div><\/div>\n","protected":false},"excerpt":{"rendered":"<p>Vous trouverez ici les r\u00e9ponses \u00e0 toutes les questions que vous vous posez pour organiser un s\u00e9minaire, une journ\u00e9e de travail ou une r\u00e9union chez Robin des moulins. Comment puis-je&hellip;&nbsp;<a href=\"https:\/\/robindesmoulins.fr\/index.php\/faq\/\" rel=\"bookmark\">Lire la suite &raquo;<span class=\"screen-reader-text\">FAQ<\/span><\/a><\/p>\n","protected":false},"author":1,"featured_media":0,"parent":0,"menu_order":0,"comment_status":"closed","ping_status":"closed","template":"","meta":{"om_disable_all_campaigns":false,"neve_meta_sidebar":"full-width","neve_meta_container":"","neve_meta_enable_content_width":"on","neve_meta_content_width":100,"neve_meta_title_alignment":"","neve_meta_author_avatar":"","neve_post_elements_order":"","neve_meta_disable_header":"","neve_meta_disable_footer":"","neve_meta_disable_title":"","footnotes":""},"class_list":["post-694","page","type-page","status-publish","hentry"],"aioseo_notices":[],"jetpack_sharing_enabled":true,"_links":{"self":[{"href":"https:\/\/robindesmoulins.fr\/index.php\/wp-json\/wp\/v2\/pages\/694","targetHints":{"allow":["GET"]}}],"collection":[{"href":"https:\/\/robindesmoulins.fr\/index.php\/wp-json\/wp\/v2\/pages"}],"about":[{"href":"https:\/\/robindesmoulins.fr\/index.php\/wp-json\/wp\/v2\/types\/page"}],"author":[{"embeddable":true,"href":"https:\/\/robindesmoulins.fr\/index.php\/wp-json\/wp\/v2\/users\/1"}],"replies":[{"embeddable":true,"href":"https:\/\/robindesmoulins.fr\/index.php\/wp-json\/wp\/v2\/comments?post=694"}],"version-history":[{"count":10,"href":"https:\/\/robindesmoulins.fr\/index.php\/wp-json\/wp\/v2\/pages\/694\/revisions"}],"predecessor-version":[{"id":2265,"href":"https:\/\/robindesmoulins.fr\/index.php\/wp-json\/wp\/v2\/pages\/694\/revisions\/2265"}],"wp:attachment":[{"href":"https:\/\/robindesmoulins.fr\/index.php\/wp-json\/wp\/v2\/media?parent=694"}],"curies":[{"name":"wp","href":"https:\/\/api.w.org\/{rel}","templated":true}]}}

<p>Vous trouverez ici les réponses à toutes les questions que vous vous posez pour organiser un séminaire, une journée de travail ou une réunion chez Robin des moulins.</p>



<p></p>



<div class="wp-block-group alignwide"><div class="wp-block-group__inner-container is-layout-constrained wp-block-group-is-layout-constrained">
<h4 class="wp-block-heading alignwide"><strong>Comment puis-je me rendre au moulin ? Est-ce que ça vaut le coup de venir pour une seule journée ? </strong></h4>



<p>Oui! C&rsquo;est très facile de se rendre au moulin depuis Paris soit en train direct depuis Gare du Nord (45 min dans un TER confortable pour vous pourrez travailler) ou en voiture (comptez 45 minutes depuis Porte de Clichy ou de Clignancourt). Il y a un parking privé pour vous garer devant le moulin ainsi que des parkings publics autour du site.</p>



<p>Le moulin est à moins d&rsquo;une heure de Paris en train, et accessible sans voiture.</p>



<p>C&rsquo;est un trajet qui se fait facilement au quotidien grâce à la ligne <a href="https://www.ter.sncf.com/hauts-de-france/trajet-paris-beauvais" target="_blank" rel="noreferrer noopener">TER Paris-Beauvais</a> : beaucoup d&rsquo;habitants du village et des alentours travaillent à Paris.</p>
</div></div>



<div class="wp-block-group alignwide"><div class="wp-block-group__inner-container is-layout-constrained wp-block-group-is-layout-constrained">
<h4 class="wp-block-heading alignwide">Est-ce que je peux organiser un séminaire d’entreprise au moulin ?</h4>



<p>Bien évidemment ! <a href="https://robindesmoulins.fr/index.php/nos-espaces/" title="Nos espaces">Nos espaces</a> ont été pensés pour accueillir réunions et formations sur un ou plusieurs jours. Vous pouvez compléter le <a href="https://robindesmoulins.fr/index.php/demander-un-devis/">formulaire de demande de devis</a> ou nous contacter afin de nous parler de votre projet plus en détail. Nous nous ferons un plaisir d’en discuter avec vous !</p>
</div></div>



<div class="wp-block-group alignwide"><div class="wp-block-group__inner-container is-layout-constrained wp-block-group-is-layout-constrained">
<h4 class="wp-block-heading alignwide">De quelles informations ai-je besoin pour organiser mon séminaire au moulin ?</h4>



<p>Pour nous aider à organiser au mieux votre évènement, vous pouvez nous communiquer les éléments suivants : </p>



<ul class="wp-block-list">
<li>le type d&rsquo;événement (séminaire de direction, formation, journée de travail, réunion avec des clients, atelier…)</li>



<li>le nombre de participants</li>



<li>le contact de l’organisateur de l’évènement</li>



<li>la date et la durée de l’évènement (demi-journée, journée, deux ou plusieurs jours)</li>



<li>l&rsquo;enveloppe budgétaire dont vous disposez</li>



<li>et toute autre information qui nous permettra de mieux saisir vos envies et vos objectifs </li>
</ul>



<p>Vous pouvez échanger avec Aurélie à <a href="mailto:aurelie@robindesmoulins.fr">aurelie@robindesmoulins.fr</a> pour définir davantage votre programme et adapter notre offre à vos besoins. </p>
</div></div>



<div class="wp-block-group alignwide"><div class="wp-block-group__inner-container is-layout-constrained wp-block-group-is-layout-constrained">
<h4 class="wp-block-heading alignwide">Pourquoi organiser mon séminaire avec Robin des moulins ?</h4>



<p>Louer un espace de réunion auprès de Robin des moulins, c’est la promesse de vivre un moment fort avec vos équipes, vos collaborateurs ou vos clients tout en soutenant un&nbsp;<strong>projet d’économie sociale et solidaire engagé sur son territoire</strong>.</p>



<p>En réservant au moulin, vous faites plus que louer une salle de réunion : vous vous inscrivez dans une démarche durable et solidaire qui fait vivre tout un écosystème de producteurs et d’acteurs locaux et contribue à restaurer un monument du&nbsp;<strong>patrimoine industriel rural</strong>&nbsp;datant de plus de deux siècles.</p>
</div></div>



<div class="wp-block-group alignwide"><div class="wp-block-group__inner-container is-layout-constrained wp-block-group-is-layout-constrained">
<h4 class="wp-block-heading alignwide">Est-il possible de venir travailler au moulin ?</h4>



<p>Nous organisons des journées de coworking au moulin, vous pouvez jeter un œil à notre <a href="https://robindesmoulins.fr/evenements/" target="_blank" rel="noreferrer noopener">agenda</a>, vous êtes bienvenu.e à la prochaine session ! </p>
</div></div>



<div class="wp-block-group alignwide"><div class="wp-block-group__inner-container is-layout-constrained wp-block-group-is-layout-constrained">
<h4 class="wp-block-heading alignwide">Je souhaite m’inscrire à un atelier, c’est possible ?</h4>



<p>Bien sûr ! Vous pouvez vous inscrire en cliquant sur le lien de réservation dans la <a href="https://robindesmoulins.fr/evenements/" target="_blank" rel="noreferrer noopener">description de l&rsquo;événement</a>.&nbsp;</p>



<p>Vous pouvez trouver tous nos évènements dans <a href="https://robindesmoulins.fr/evenements/">l’agenda</a>.</p>
</div></div>



<div class="wp-block-group alignwide"><div class="wp-block-group__inner-container is-layout-constrained wp-block-group-is-layout-constrained">
<h4 class="wp-block-heading alignwide">Est-ce que je peux visiter le moulin ?</h4>



<p>Nous organisons régulièrement des visites sur inscription. Vous pouvez vous y inscrire sur notre <a href="https://robindesmoulins.fr/evenements/" title="agenda">agenda</a>. </p>



<p>Pour toute demande particulière, vous pouvez également contacter Aurélie à <a href="mailto:aurelie@robindesmoulins.fr">aurelie</a>@robindesmoulins.fr</p>
</div></div>



<div class="wp-block-group alignwide"><div class="wp-block-group__inner-container is-layout-constrained wp-block-group-is-layout-constrained">
<h4 class="wp-block-heading alignwide">Peut-on dormir sur place ? De combien de chambres dispose le moulin ?</h4>



<p>Oui, vous pouvez passer une ou plusieurs journées au moulin et dormir sur place.</p>



<p>Le moulin dispose de 5 chambres, avec une majorité de lits simples :</p>



<ul class="wp-block-list">
<li>La chambre du Laboratoire, une très grande chambre avec 5 lits simples</li>



<li>La chambre rouge, une grande chambre de 4 lits simples</li>



<li>La chambre bleue, une chambre avec 2 lits simples</li>



<li>La chambre du meunier, une chambre avec 1 lit double</li>



<li>La chambre du Perchoir, une chambre avec 1 lit simple</li>
</ul>



<p>A noter : des couchages d’appoint sont également disponibles (par exemple pour les organisateurs dans le cas d’une retraite)</p>



<p>Si vous souhaitez des chambres individuelles, nous vous conseillons l’hôtel de la Tabletterie dans une ancienne usine de nacre à Méru, situé à 7 minutes en voiture.</p>



<p>Si vous êtes plus nombreux, il est possible de réserver des hébergements supplémentaires dans le village, à moins de 5 minutes à pied.</p>
</div></div>



<div class="wp-block-group alignwide"><div class="wp-block-group__inner-container is-layout-constrained wp-block-group-is-layout-constrained">
<h4 class="wp-block-heading alignwide">Quelles activités peut-on pratiquer au moulin ? </h4>



<p>Il y a le choix ! Du sport (pétanque, badminton, sports collectifs, basket, football, handball, course à pied, marche à pied, &#8230;), des activités en lien avec la nature (balade en forêt, cueillette, jardinage, &#8230;) ou encore des ateliers de sensibilisation aux enjeux climatiques comme <a href="https://fresqueduclimat.org/" target="_blank" rel="noreferrer noopener">La Fresque du climat</a> ou <a href="https://www.2tonnes.org/" target="_blank" rel="noreferrer noopener" title="">2tonnes</a>. </p>



<p>Pour vos team-buildings, nous disposons d&rsquo;un réseau de partenaires pour des animations sur-mesure : cuisine végétale, initiation à la sophrologie, atelier créatif à base d&rsquo;upcycling ou encore visite d&rsquo;exploitation agricole, dites-nous ce qui inspireraient vos équipes ! </p>
</div></div>



<p></p>



<div class="wp-block-group"><div class="wp-block-group__inner-container is-layout-constrained wp-block-group-is-layout-constrained">
<div class="wp-block-group alignwide"><div class="wp-block-group__inner-container is-layout-constrained wp-block-group-is-layout-constrained">
<h4 class="wp-block-heading alignwide">Quel est le statut de Robin des moulins ? </h4>



<p>Robin des moulins est une entreprise de l&rsquo;<a href="https://www.ess-france.org/" target="_blank" rel="noreferrer noopener">ESS</a> (économie sociale et solidaire). Reconnue par la&nbsp;Loi&nbsp;du 31 juillet&nbsp;2014, l&rsquo;Économie sociale et solidaire regroupe un ensemble de structures qui cherchent à concilier utilité sociale, performance économique et gouvernance démocratique, avec pour ambition de créer des emplois et de développer une plus grande cohésion sociale.</p>
</div></div>
</div></div>



<div class="wp-block-group"><div class="wp-block-group__inner-container is-layout-constrained wp-block-group-is-layout-constrained">
<div class="wp-block-group alignwide"><div class="wp-block-group__inner-container is-layout-constrained wp-block-group-is-layout-constrained">
<h4 class="wp-block-heading alignwide">Peut-on louer le moulin pour des évènements privés ? </h4>



<p>Le moulin est un espace dédié aux évènements professionnels, aux stages et aux retraites : sauf exception, il n&rsquo;a pas vocation à accueillir des évènements privés comme des mariages ou des anniversaires. Il y a beaucoup de beaux endroits à proximité qui le feront bien mieux que nous !</p>
</div></div>



<p></p>
</div></div>

<p>Vous trouverez ici les réponses à toutes les questions que vous vous posez pour organiser un séminaire, une journée de travail ou une réunion chez Robin des moulins. Comment puis-je&hellip;&nbsp;<a href="https://robindesmoulins.fr/index.php/faq/" rel="bookmark">Lire la suite &raquo;<span class="screen-reader-text">FAQ</span></a></p>
