{"id":1378,"date":"2024-02-19T13:20:08","date_gmt":"2024-02-19T13:20:08","guid":{"rendered":"https:\/\/robindesmoulins.fr\/?post_type=tribe_events&#038;p=1378"},"modified":"2024-03-26T14:13:18","modified_gmt":"2024-03-26T14:13:18","slug":"exposition-collective-la-nature-au-moulin","status":"publish","type":"tribe_events","link":"https:\/\/robindesmoulins.fr\/index.php\/event\/exposition-collective-la-nature-au-moulin\/","title":{"rendered":"Exposition collective &#8211; La nature au moulin"},"content":{"rendered":"<h4>On f\u00eate le printemps chez<a href=\"https:\/\/robindesmoulins.fr\/\" target=\"_blank\" rel=\"noopener\"> Robin des moulins<\/a> avec une belle exposition collective du 22 mars jusqu&rsquo;au 21 juin 2024 !<\/h4>\n<p>On cherchait une fa\u00e7on originale de c\u00e9l\u00e9brer le printemps au moulin : on a donc lanc\u00e9 un appel aux artistes et imagin\u00e9 cette exposition autour du vivant et de la nature.<br \/>\n<a href=\"https:\/\/robindesmoulins.fr\/index.php\/event\/france-design-week-exposition-design-pour-le-vivant\/\" target=\"_blank\" rel=\"noopener\">Apr\u00e8s l&rsquo;exposition des jeunes designers cet automne dans le cadre de France Design Week<\/a>, c&rsquo;est une grande premi\u00e8re pour nous d&rsquo;exposer des artistes locaux et de d\u00e9couvrir leur regard singulier sur la nature.<\/p>\n<p>On a cherch\u00e9 \u00e0 varier les sources d&rsquo;inspiration et les techniques comme la photographie, l&rsquo;upcycling, le collodion en passant par l&rsquo;aquarelle, le cyanotype, la broderie ou encore la risographie.<\/p>\n<p>On vous pr\u00e9sente les 12 artistes qui exposeront au moulin :<br \/>\n<a href=\"https:\/\/www.andreasalvador.fr\/\" target=\"_blank\" rel=\"noopener\">Andr\u00e9a SALVADOR<\/a> &#8211; <a href=\"https:\/\/www.instagram.com\/syav.art\/\" target=\"_blank\" rel=\"noopener\">Sylvie LACOMME-ROCHE<\/a> &#8211; <a href=\"https:\/\/www.antoninfaure.com\/\" target=\"_blank\" rel=\"noopener\">Antonin FAURE<\/a><br \/>\n<a href=\"https:\/\/www.instagram.com\/_ada.soczewinska_\/\" target=\"_blank\" rel=\"noopener\">Ada SOCZEWINSKA<\/a> &#8211; <a href=\"https:\/\/www.instagram.com\/la_palette_verte\/\" target=\"_blank\" rel=\"noopener\">La Palette Verte<\/a> &#8211; <a href=\"https:\/\/www.studioflaure.com\/\" target=\"_blank\" rel=\"noopener\">Studio Flaure<\/a> &#8211; <a href=\"https:\/\/maudecosson.com\/\" target=\"_blank\" rel=\"noopener\">Maude COSSON<\/a><br \/>\n<a href=\"http:\/\/www.cedric-derbaise.com\/\" target=\"_blank\" rel=\"noopener\">C\u00e9dric DERBAISE<\/a> &#8211; <a href=\"https:\/\/bobleu.fr\/\" target=\"_blank\" rel=\"noopener\">Bo Bleu<\/a> &#8211; <a href=\"https:\/\/www.instagram.com\/maison.bousier\/\" target=\"_blank\" rel=\"noopener\">Maison Bousier<\/a> &#8211; <a href=\"https:\/\/www.instagram.com\/siggafauve\/\" target=\"_blank\" rel=\"noopener\">Sigga Fauve<\/a> &#8211; <a href=\"https:\/\/www.instagram.com\/moiramcainsh\/\" target=\"_blank\" rel=\"noopener\">Moira MCAINSH<\/a><a href=\"https:\/\/www.instagram.com\/siggafauve\/\" target=\"_blank\" rel=\"noopener\">\u00a0<\/a><\/p>\n<p>A savoir : le moulin \u00e9tant un espace priv\u00e9, l&rsquo;exposition sera accessible au public lors de nos prochains \u00e9v\u00e9nements (F\u00eate de la nature, Rendez-vous aux jardins, Jour de la Terre)<\/p>\n<p>Le vernissage se tiendra le vendredi 22 mars \u00e0 partir de 18h, sur invitation par mail\u00a0 aurelie@robindesmoulins.fr<\/p>\n<p>&nbsp;<\/p>\n<p>&nbsp;<\/p>\n","protected":false},"excerpt":{"rendered":"<p>On f\u00eate le printemps chez Robin des moulins avec une belle exposition collective du 22 mars jusqu&rsquo;au 21 juin 2024 ! On cherchait une fa\u00e7on originale de c\u00e9l\u00e9brer le printemps&hellip;&nbsp;<a href=\"https:\/\/robindesmoulins.fr\/index.php\/event\/exposition-collective-la-nature-au-moulin\/\" rel=\"bookmark\">Lire la suite &raquo;<span class=\"screen-reader-text\">Exposition collective &#8211; La nature au moulin<\/span><\/a><\/p>\n","protected":false},"author":2,"featured_media":1379,"template":"","meta":{"om_disable_all_campaigns":false,"neve_meta_sidebar":"","neve_meta_container":"","neve_meta_enable_content_width":"","neve_meta_content_width":0,"neve_meta_title_alignment":"","neve_meta_author_avatar":"","neve_post_elements_order":"","neve_meta_disable_header":"","neve_meta_disable_footer":"","neve_meta_disable_title":"","_tribe_events_status":"","_tribe_events_status_reason":"","footnotes":""},"tags":[],"tribe_events_cat":[11],"class_list":["post-1378","tribe_events","type-tribe_events","status-publish","has-post-thumbnail","hentry","tribe_events_cat-exposition","cat_exposition"],"aioseo_notices":[],"jetpack_sharing_enabled":true,"_links":{"self":[{"href":"https:\/\/robindesmoulins.fr\/index.php\/wp-json\/wp\/v2\/tribe_events\/1378","targetHints":{"allow":["GET"]}}],"collection":[{"href":"https:\/\/robindesmoulins.fr\/index.php\/wp-json\/wp\/v2\/tribe_events"}],"about":[{"href":"https:\/\/robindesmoulins.fr\/index.php\/wp-json\/wp\/v2\/types\/tribe_events"}],"author":[{"embeddable":true,"href":"https:\/\/robindesmoulins.fr\/index.php\/wp-json\/wp\/v2\/users\/2"}],"version-history":[{"count":12,"href":"https:\/\/robindesmoulins.fr\/index.php\/wp-json\/wp\/v2\/tribe_events\/1378\/revisions"}],"predecessor-version":[{"id":1533,"href":"https:\/\/robindesmoulins.fr\/index.php\/wp-json\/wp\/v2\/tribe_events\/1378\/revisions\/1533"}],"wp:featuredmedia":[{"embeddable":true,"href":"https:\/\/robindesmoulins.fr\/index.php\/wp-json\/wp\/v2\/media\/1379"}],"wp:attachment":[{"href":"https:\/\/robindesmoulins.fr\/index.php\/wp-json\/wp\/v2\/media?parent=1378"}],"wp:term":[{"taxonomy":"post_tag","embeddable":true,"href":"https:\/\/robindesmoulins.fr\/index.php\/wp-json\/wp\/v2\/tags?post=1378"},{"taxonomy":"tribe_events_cat","embeddable":true,"href":"https:\/\/robindesmoulins.fr\/index.php\/wp-json\/wp\/v2\/tribe_events_cat?post=1378"}],"curies":[{"name":"wp","href":"https:\/\/api.w.org\/{rel}","templated":true}]}}

<h4>On fête le printemps chez<a href="https://robindesmoulins.fr/" target="_blank" rel="noopener"> Robin des moulins</a> avec une belle exposition collective du 22 mars jusqu&rsquo;au 21 juin 2024 !</h4>
<p>On cherchait une façon originale de célébrer le printemps au moulin : on a donc lancé un appel aux artistes et imaginé cette exposition autour du vivant et de la nature.<br />
<a href="https://robindesmoulins.fr/index.php/event/france-design-week-exposition-design-pour-le-vivant/" target="_blank" rel="noopener">Après l&rsquo;exposition des jeunes designers cet automne dans le cadre de France Design Week</a>, c&rsquo;est une grande première pour nous d&rsquo;exposer des artistes locaux et de découvrir leur regard singulier sur la nature.</p>
<p>On a cherché à varier les sources d&rsquo;inspiration et les techniques comme la photographie, l&rsquo;upcycling, le collodion en passant par l&rsquo;aquarelle, le cyanotype, la broderie ou encore la risographie.</p>
<p>On vous présente les 12 artistes qui exposeront au moulin :<br />
<a href="https://www.andreasalvador.fr/" target="_blank" rel="noopener">Andréa SALVADOR</a> &#8211; <a href="https://www.instagram.com/syav.art/" target="_blank" rel="noopener">Sylvie LACOMME-ROCHE</a> &#8211; <a href="https://www.antoninfaure.com/" target="_blank" rel="noopener">Antonin FAURE</a><br />
<a href="https://www.instagram.com/_ada.soczewinska_/" target="_blank" rel="noopener">Ada SOCZEWINSKA</a> &#8211; <a href="https://www.instagram.com/la_palette_verte/" target="_blank" rel="noopener">La Palette Verte</a> &#8211; <a href="https://www.studioflaure.com/" target="_blank" rel="noopener">Studio Flaure</a> &#8211; <a href="https://maudecosson.com/" target="_blank" rel="noopener">Maude COSSON</a><br />
<a href="http://www.cedric-derbaise.com/" target="_blank" rel="noopener">Cédric DERBAISE</a> &#8211; <a href="https://bobleu.fr/" target="_blank" rel="noopener">Bo Bleu</a> &#8211; <a href="https://www.instagram.com/maison.bousier/" target="_blank" rel="noopener">Maison Bousier</a> &#8211; <a href="https://www.instagram.com/siggafauve/" target="_blank" rel="noopener">Sigga Fauve</a> &#8211; <a href="https://www.instagram.com/moiramcainsh/" target="_blank" rel="noopener">Moira MCAINSH</a><a href="https://www.instagram.com/siggafauve/" target="_blank" rel="noopener"> </a></p>
<p>A savoir : le moulin étant un espace privé, l&rsquo;exposition sera accessible au public lors de nos prochains événements (Fête de la nature, Rendez-vous aux jardins, Jour de la Terre)</p>
<p>Le vernissage se tiendra le vendredi 22 mars à partir de 18h, sur invitation par mail  aurelie@robindesmoulins.fr</p>
<p>&nbsp;</p>
<p>&nbsp;</p>

<p>On fête le printemps chez Robin des moulins avec une belle exposition collective du 22 mars jusqu&rsquo;au 21 juin 2024 ! On cherchait une façon originale de célébrer le printemps&hellip;&nbsp;<a href="https://robindesmoulins.fr/index.php/event/exposition-collective-la-nature-au-moulin/" rel="bookmark">Lire la suite &raquo;<span class="screen-reader-text">Exposition collective &#8211; La nature au moulin</span></a></p>
