{"id":1539,"date":"2024-03-26T15:35:14","date_gmt":"2024-03-26T15:35:14","guid":{"rendered":"https:\/\/robindesmoulins.fr\/?post_type=tribe_events&#038;p=1539"},"modified":"2024-03-26T15:52:15","modified_gmt":"2024-03-26T15:52:15","slug":"fashion-revolution-france-une-mode-plus-responsable","status":"publish","type":"tribe_events","link":"https:\/\/robindesmoulins.fr\/index.php\/event\/fashion-revolution-france-une-mode-plus-responsable\/","title":{"rendered":"Fashion Revolution France &#8211; Une mode plus responsable"},"content":{"rendered":"<div id=\"collapseOne97825\" class=\"collapse show\" role=\"tabpanel\" aria-labelledby=\"headingOne97825\" data-parent=\"#accordion\">\n<div class=\"card-body\">\n<h3><strong>Imaginons ensemble un syst\u00e8me de la mode juste et \u00e9quitable pour les humains et la plan\u00e8te.<\/strong><\/h3>\n<p><a href=\"https:\/\/www.fashionrevolution.org\/europe\/france\/\" target=\"_blank\" rel=\"noopener\">Fashion Revolution France<\/a> est une organisation internationale qui mobilise pour une industrie textile plus respectueuse de la plan\u00e8te et de ses habitants. Elle rassemble le plus grand mouvement d\u2019activisme de la mode au monde pour sept jours d\u2019action et prendre conscience de l&rsquo;impact de la mode sur notre plan\u00e8te en consommant mieux.<\/p>\n<\/div>\n<\/div>\n<p>La campagne 2024 se d\u00e9roulera <strong>du lundi 15 au mercredi 24 avril.<\/strong><\/p>\n<p data-pm-slice=\"1 1 []\">Fashion Revolution organise \u00e9galement des ateliers ouverts au public pour sensibiliser le plus grand nombre sur cet impact, si jamais \u00e7a vous int\u00e9resse!<\/p>\n<p data-pm-slice=\"1 1 []\">Enfin, on pr\u00e9voit de r\u00e9diger un article sur notre site concernant nos <strong>astuces<\/strong> et<strong> bonnes adresses<\/strong> pour une mode plus responsable et on vous les partagera sur nos <a href=\"https:\/\/www.instagram.com\/robindesmoulins\/\" target=\"_blank\" rel=\"noopener\">r\u00e9seaux sociaux<\/a><em>. Restez connect\u00e9s !<br \/>\n<\/em><\/p>\n<p data-pm-slice=\"1 1 []\">\n<p data-pm-slice=\"1 1 []\"><img loading=\"lazy\" decoding=\"async\" class=\"size-medium wp-image-1558 aligncenter\" src=\"https:\/\/robindesmoulins.fr\/wp-content\/uploads\/2024\/03\/2-300x300.jpg\" alt=\"\" width=\"300\" height=\"300\" srcset=\"https:\/\/robindesmoulins.fr\/wp-content\/uploads\/2024\/03\/2-300x300.jpg 300w, https:\/\/robindesmoulins.fr\/wp-content\/uploads\/2024\/03\/2-1024x1024.jpg 1024w, https:\/\/robindesmoulins.fr\/wp-content\/uploads\/2024\/03\/2-150x150.jpg 150w, https:\/\/robindesmoulins.fr\/wp-content\/uploads\/2024\/03\/2-768x768.jpg 768w, https:\/\/robindesmoulins.fr\/wp-content\/uploads\/2024\/03\/2.jpg 1080w\" sizes=\"auto, (max-width: 300px) 100vw, 300px\" \/><\/p>\n<p data-pm-slice=\"1 1 []\">\n","protected":false},"excerpt":{"rendered":"<p>Imaginons ensemble un syst\u00e8me de la mode juste et \u00e9quitable pour les humains et la plan\u00e8te. Fashion Revolution France est une organisation internationale qui mobilise pour une industrie textile plus&hellip;&nbsp;<a href=\"https:\/\/robindesmoulins.fr\/index.php\/event\/fashion-revolution-france-une-mode-plus-responsable\/\" rel=\"bookmark\">Lire la suite &raquo;<span class=\"screen-reader-text\">Fashion Revolution France &#8211; Une mode plus responsable<\/span><\/a><\/p>\n","protected":false},"author":2,"featured_media":1543,"template":"","meta":{"om_disable_all_campaigns":false,"neve_meta_sidebar":"","neve_meta_container":"","neve_meta_enable_content_width":"","neve_meta_content_width":0,"neve_meta_title_alignment":"","neve_meta_author_avatar":"","neve_post_elements_order":"","neve_meta_disable_header":"","neve_meta_disable_footer":"","neve_meta_disable_title":"","_tribe_events_status":"","_tribe_events_status_reason":"","footnotes":""},"tags":[],"tribe_events_cat":[6],"class_list":["post-1539","tribe_events","type-tribe_events","status-publish","has-post-thumbnail","hentry","tribe_events_cat-challenge-ecologique","cat_challenge-ecologique"],"aioseo_notices":[],"jetpack_sharing_enabled":true,"_links":{"self":[{"href":"https:\/\/robindesmoulins.fr\/index.php\/wp-json\/wp\/v2\/tribe_events\/1539","targetHints":{"allow":["GET"]}}],"collection":[{"href":"https:\/\/robindesmoulins.fr\/index.php\/wp-json\/wp\/v2\/tribe_events"}],"about":[{"href":"https:\/\/robindesmoulins.fr\/index.php\/wp-json\/wp\/v2\/types\/tribe_events"}],"author":[{"embeddable":true,"href":"https:\/\/robindesmoulins.fr\/index.php\/wp-json\/wp\/v2\/users\/2"}],"version-history":[{"count":9,"href":"https:\/\/robindesmoulins.fr\/index.php\/wp-json\/wp\/v2\/tribe_events\/1539\/revisions"}],"predecessor-version":[{"id":1560,"href":"https:\/\/robindesmoulins.fr\/index.php\/wp-json\/wp\/v2\/tribe_events\/1539\/revisions\/1560"}],"wp:featuredmedia":[{"embeddable":true,"href":"https:\/\/robindesmoulins.fr\/index.php\/wp-json\/wp\/v2\/media\/1543"}],"wp:attachment":[{"href":"https:\/\/robindesmoulins.fr\/index.php\/wp-json\/wp\/v2\/media?parent=1539"}],"wp:term":[{"taxonomy":"post_tag","embeddable":true,"href":"https:\/\/robindesmoulins.fr\/index.php\/wp-json\/wp\/v2\/tags?post=1539"},{"taxonomy":"tribe_events_cat","embeddable":true,"href":"https:\/\/robindesmoulins.fr\/index.php\/wp-json\/wp\/v2\/tribe_events_cat?post=1539"}],"curies":[{"name":"wp","href":"https:\/\/api.w.org\/{rel}","templated":true}]}}

<div id="collapseOne97825" class="collapse show" role="tabpanel" aria-labelledby="headingOne97825" data-parent="#accordion">
<div class="card-body">
<h3><strong>Imaginons ensemble un système de la mode juste et équitable pour les humains et la planète.</strong></h3>
<p><a href="https://www.fashionrevolution.org/europe/france/" target="_blank" rel="noopener">Fashion Revolution France</a> est une organisation internationale qui mobilise pour une industrie textile plus respectueuse de la planète et de ses habitants. Elle rassemble le plus grand mouvement d’activisme de la mode au monde pour sept jours d’action et prendre conscience de l&rsquo;impact de la mode sur notre planète en consommant mieux.</p>
</div>
</div>
<p>La campagne 2024 se déroulera <strong>du lundi 15 au mercredi 24 avril.</strong></p>
<p data-pm-slice="1 1 []">Fashion Revolution organise également des ateliers ouverts au public pour sensibiliser le plus grand nombre sur cet impact, si jamais ça vous intéresse!</p>
<p data-pm-slice="1 1 []">Enfin, on prévoit de rédiger un article sur notre site concernant nos <strong>astuces</strong> et<strong> bonnes adresses</strong> pour une mode plus responsable et on vous les partagera sur nos <a href="https://www.instagram.com/robindesmoulins/" target="_blank" rel="noopener">réseaux sociaux</a><em>. Restez connectés !<br />
</em></p>
<p data-pm-slice="1 1 []">
<p data-pm-slice="1 1 []"><img loading="lazy" decoding="async" class="size-medium wp-image-1558 aligncenter" src="https://robindesmoulins.fr/wp-content/uploads/2024/03/2-300x300.jpg" alt="" width="300" height="300" srcset="https://robindesmoulins.fr/wp-content/uploads/2024/03/2-300x300.jpg 300w, https://robindesmoulins.fr/wp-content/uploads/2024/03/2-1024x1024.jpg 1024w, https://robindesmoulins.fr/wp-content/uploads/2024/03/2-150x150.jpg 150w, https://robindesmoulins.fr/wp-content/uploads/2024/03/2-768x768.jpg 768w, https://robindesmoulins.fr/wp-content/uploads/2024/03/2.jpg 1080w" sizes="auto, (max-width: 300px) 100vw, 300px" /></p>
<p data-pm-slice="1 1 []">

<p>Imaginons ensemble un système de la mode juste et équitable pour les humains et la planète. Fashion Revolution France est une organisation internationale qui mobilise pour une industrie textile plus&hellip;&nbsp;<a href="https://robindesmoulins.fr/index.php/event/fashion-revolution-france-une-mode-plus-responsable/" rel="bookmark">Lire la suite &raquo;<span class="screen-reader-text">Fashion Revolution France &#8211; Une mode plus responsable</span></a></p>
